ided by c?
22
Let t(x) = 4*x**3 + 5*x**2 - 2*x + 17. Calculate the remainder when t(3) is divided by 43.
35
Let g(d) = 60*d**2 + d**3 + d - 4 + 2*d - 69*d**2. Let j = 180 - 90. What is the remainder when j is divided by g(9)?
21
Let m be 93/4 + (-25)/4 + 6. Suppose h - m = -2*v, 5*v + 1 = h - 15. Calculate the remainder when 82 is divided by h.
19
Let r = 721 + -480. What is the remainder when r is divided by 22?
21
Let r(s) = 2*s**3 + 12*s**2 - 16*s - 8. Calculate the remainder when 91 is divided by r(-6).
3
Let w(v) = v**3 + 2*v**2 - 17*v + 16. What is the remainder when 388 is divided by w(-5)?
24
Let t = -55 + 77. Let c(w) = 8*w**2 - 8. Calculate the remainder when c(-3) is divided by t.
20
Suppose 4*p - x - 388 = 85, -4*p = 2*x - 482. What is the remainder when p is divided by 40?
39
Suppose 5*o - 33 = 2*y + 43, -3*o = 2*y - 36. What is the remainder when 36 is divided by o?
8
Suppose 1120 = -7*j + 39*j. Calculate the remainder when j is divided by 26.
9
Let b = 2869 + -2539. What is the remainder when b is divided by 115?
100
Calculate the remainder when 80 is divided by (-29)/87 + (-133)/(-3).
36
Let g(w) = 4*w**2 + 109*w - 81. What is the remainder when 23 is divided by g(-28)?
2
Suppose -182 = -876*l + 869*l. What is the remainder when 127 is divided by l?
23
Let w(o) = o**3 + 16*o**2 + 40*o + 104. What is the remainder when w(-11) is divided by 90?
89
Let b(o) = o**2 + 9*o + 27. Let x be b(-26). Suppose 3*a - 295 = -4*s, 8*a = 3*a - s + x. What is the remainder when a is divided by 19?
17
Suppose 0 = -t + 5, -j + 5*t = -6*j + 2090. Suppose j = 5*q + 93. Calculate the remainder when q is divided by 33.
31
Let p = 13 + 22. Let k(l) = -l**3 + 6*l**2 - 3*l - 2. What is the remainder when p is divided by k(4)?
17
Suppose 29 = s + 24. Suppose -4*x + 22 + 22 = 0. Calculate the remainder when x is divided by s.
1
Let s = 15 + -21. Let u = s + 20. Let q = 184 + -145. Calculate the remainder when q is divided by u.
11
Suppose -132 = -4*z - 36. Calculate the remainder when 118 is divided by z.
22
Suppose 2*u - 692 = 23*w - 21*w, -1387 = -4*u + w. Calculate the remainder when u is divided by 4.
3
Suppose -l - 3 = 0, 4*d - 341 = 14*l - 15*l. What is the remainder when 168 is divided by d?
82
Let b be 4 - 0*2/(-6). Suppose -36 = -8*v + b*v. What is the remainder when (125/(-20))/((-2)/8) is divided by v?
7
Let g be (2665/(-130))/(14/8 - 2). Suppose 2*m = -15 - 71. Let i = m + g. What is the remainder when i is divided by 14?
11
Suppose 4*a - 8*a + 4 = 0. Let d be -3*(-2 + a/(-3)). Let t = d - -23. What is the remainder when 58 is divided by t?
28
Suppose -3*v + 13 = v - q, 3*q + 7 = 4*v. Suppose v*n = 3*p + 134, 3*n - 132 = -n + 2*p. Calculate the remainder when n is divided by 12.
8
Let i(a) = 5 - a**2 + 5*a + 2*a**2 + 5*a**2 - 5*a**2. Let r be i(-5). Calculate the remainder when (6/4)/(r/50) is divided by 8.
7
Let n = 480 - 356. Calculate the remainder when n is divided by 14.
12
Let q be ((-13)/6 - (-12)/72)*-1. Suppose -q*h = -18 + 8. Calculate the remainder when 62 is divided by h.
2
Suppose -5*a - 15 = 0, -6*c + 2*a + 46 = -2*c. What is the remainder when 138 is divided by c?
8
Let v be (-4 - -5) + 13/1. Suppose 0 = 2*o - 2*s + v, 5 = -0*o - o + 3*s. What is the remainder when 74 is divided by (30/(-9))/(o/60)?
24
Let x = 28 + -11. Let l(m) be the third derivative of -m**4/12 - 4*m**3 + 11*m**2. What is the remainder when x is divided by l(-17)?
7
Suppose -5*f - 5 = -25, 2*i - 3*f = 16. Calculate the remainder when 852 is divided by i.
12
Let l(m) = -22*m**2 + 2*m - 1. Let g be l(1). Let w be (-300)/15 - (-3 + 1). Let c = w - g. What is the remainder when 13 is divided by c?
1
Suppose -2*h = 4*b - 90, -h - 4 + 7 = 0. What is the remainder when 93 is divided by 63/(-6)*2*b/(-9)?
44
Suppose 0 = -3*u - 3*q + 567, 760 = u + 3*u + 3*q. Suppose 197*h = u*h + 648. What is the remainder when h is divided by 15?
12
Suppose 16*s = 10*s + 18. Calculate the remainder when 162 is divided by s - ((-8 - -6) + (-72)/2).
39
Calculate the remainder when 6150/55 + 0 - (-2)/11 is divided by 44.
24
Suppose -47*d = -52*d + 190. Calculate the remainder when d is divided by 5.
3
Suppose 3*b - 229 = 63*i - 68*i, -3*b + 265 = -4*i. Suppose 0 = -4*z + 5*y + 53, -4*z - 4*y + 56 = -24. What is the remainder when b is divided by z?
15
Suppose 1982 = 9*x - 34. Calculate the remainder when x is divided by 25.
24
Calculate the remainder when 100 is divided by ((-30)/(-7))/((-180)/(-1512)).
28
Let t(l) = 8*l**2 - 3*l - 2. Let m be (0 - (-4)/14) + (-12)/(-7). What is the remainder when 119 is divided by t(m)?
23
Suppose -3*i - 8*j = -3*j - 12, -21 = -3*i - 2*j. Calculate the remainder when 21 + -10 + -1 + (4 - 1) is divided by i.
4
Let v(d) = -d - 1. Let n be v(-5). Suppose -2*j + 20 = 2*i, -n*j - 4*i + 60 = -5*i. Suppose -5*q = 22 - 157. What is the remainder when q is divided by j?
13
Let v(y) = y + 6. Let q(k) = -k**2 + 4*k + 5. What is the remainder when q(3) is divided by v(-3)?
2
Suppose 9*a - 10 = 7*a. Suppose 0 = a*h - 40 - 15. What is the remainder when 21 is divided by h?
10
Suppose 68*j = 73*j - 240. What is the remainder when 182 is divided by j?
38
Let b(r) = 8*r + 176. What is the remainder when b(-11) is divided by 16?
8
Let m(j) = 16 + 8 - 17 + 3 - j. What is the remainder when 27 is divided by m(0)?
7
Let h = -62 - -34. Let k = h - -28. Suppose k = -3*z + 5*b + 40, -5*z + 2*b + 50 = -3*b. What is the remainder when 8 is divided by z?
3
Suppose -10*g + 6*g + 36 = 0. Calculate the remainder when 71 is divided by g.
8
Suppose -2*p = -3*q + 131, 2*q - 82 = -0*p - 4*p. What is the remainder when q is divided by ((-5)/(-2))/(3/18)?
13
Let o(f) = -2*f - 9. Let i be o(-7). What is the remainder when (-31)/(-7) + -2 + 11/7 is divided by i/(5/(-2))*-1?
0
Calculate the remainder when (-4 + (-30)/(-12))/((-5)/1770) is divided by 49.
41
Let k = 24 + 127. What is the remainder when k is divided by 8?
7
Suppose -8*k + 5*g + 135 = -3*k, 5*g = -3*k + 105. Calculate the remainder when 417 is divided by k.
27
Let d(g) = -g**3 + 62. Suppose -4 = -r + 14. Let p = r + -2. What is the remainder when d(0) is divided by p?
14
Suppose 55*m = 56*m - 411. What is the remainder when m is divided by 19?
12
Let n(x) = 34*x**2 - 2*x + 5. Let w be n(2). Let o = w + -111. Calculate the remainder when o is divided by 8.
2
Let h(u) = 2*u**2 + 2*u - 16. Calculate the remainder when 23 is divided by h(-4).
7
Let y(t) = -5 + 7*t + 6 - t**3 + 2*t**3 - 6*t**2. Suppose 4*l - 25 = -l. Calculate the remainder when 42 is divided by y(l).
9
Let z be -5*(0 - (1 - 0)). Suppose 3*i - 3*g = 42, i + 7 = -i - z*g. What is the remainder when 25 is divided by i?
7
Suppose 1648 = 23*d - 8380. What is the remainder when d is divided by 44?
40
Let v = 55 + -60. Let s(n) = -8*n. What is the remainder when 158 is divided by s(v)?
38
Let w be 524/22 + (-10)/(-55). Suppose w = d - 0. Calculate the remainder when d is divided by 9.
6
Let a(x) = x**3 - 7*x**2 - 6*x - 6. Let k be a(9). Suppose -2*h + h = 68. Let p = h + k. Calculate the remainder when p is divided by 9.
7
Let y(i) = -i**2 + 11*i - 6. What is the remainder when (-253)/(-4) - (-38)/(-152) is divided by y(7)?
19
Let u(f) = -3*f**3 - 21*f**2 - 5*f + 5. Suppose 4*q - 44 = 432. What is the remainder when q is divided by u(-7)?
39
Let r(o) = o. Let v(t) = -14*t - 2. Let z(f) = 4*r(f) - v(f). Suppose -2*m + n + 60 = 9, 0 = 3*m - n - 76. Calculate the remainder when z(4) is divided by m.
24
Suppose -1175*h + 13 = -1174*h. What is the remainder when 30 is divided by h?
4
Let x = 14 - 12. Suppose -3*q - x*m = 14, -14 = q - 4*m - 0. Let c(f) = -2*f + 3. Calculate the remainder when c(q) is divided by 6.
3
Suppose 27*q + 540 = 4995. Calculate the remainder when q is divided by 46.
27
Let c(y) = -y**3 - 6*y**2 - 9*y. Let p be c(-4). Suppose p*k = -4*b + 56, 3*k - k - b - 43 = 0. Calculate the remainder when 35 is divided by k.
16
Let q be 1/(-3)*(-6 + 3). Calculate the remainder when 302/6 - q/3 is divided by 5*(-3 - 224/(-35)).
16
Let n(j) be the first derivative of j**2 + 22*j + 13. Calculate the remainder when 124 is divided by n(10).
40
Let n(s) = -s**2 - 59*s - 253. What is the remainder when 349 is divided by n(-5)?
9
Suppose 0 = 2*h - 8, 427 = 5*t - 2*h - 0